{"id":950,"date":"2024-07-12T11:41:43","date_gmt":"2024-07-12T09:41:43","guid":{"rendered":"http:\/\/www.shaa.io\/?page_id=950"},"modified":"2025-01-30T09:58:51","modified_gmt":"2025-01-30T08:58:51","slug":"prospective-bassin-versant","status":"publish","type":"page","link":"https:\/\/www.shaa.io\/index.php\/prospective-bassin-versant\/","title":{"rendered":"Prospective Bassin Versant"},"content":{"rendered":"\n<h2 class=\"wp-block-heading alignwide has-large-font-size\">Scorff, Lorient. G\u00e9osciences Rennes, CNRS<\/h2>\n\n\n\n<div class=\"wp-block-columns alignwide is-layout-flex wp-container-core-columns-is-layout-9d6595d7 wp-block-columns-is-layout-flex\">\n<div class=\"wp-block-column is-layout-flow wp-block-column-is-layout-flow\">\n<p class=\"has-extra-small-font-size\">R\u00e9alisation de cartes prospectives avec les donn\u00e9es des scientifiques et de scenarios d\u00e9velopp\u00e9s avec des participants habitants, bassin versant du Scorff.<\/p>\n\n\n\n<p class=\"has-extra-small-font-size\">Cette mission cartographique li\u00e9e \u00e0 un projet de recherche en sciences de la Terre vise \u00e0&nbsp;montrer les impacts issus de l&rsquo;interf\u00e9rence entre pressions climatiques et anthropiques en fonction de diff\u00e9rents sc\u00e9narios climatiques et socio-\u00e9conomiques, d\u00e9finis en ateliers citoyens au cours d\u2019une th\u00e8se en \u00e9cologie (Elias Ganivet, dir. Laurent Longuevergne).&nbsp;Les cartes sont \u00e9tablies \u00e0 partir de 3 scenarii qui discutent des impacts des modifications d\u2019acc\u00e8s \u00e0 l\u2019eau, des modifications des paysages et des&nbsp;<em>conditions d\u2019habitabilit\u00e9 du territoire<\/em>.<\/p>\n\n\n\n<p class=\"has-extra-small-font-size\">Puisqu\u2019un des sujets de pr\u00e9occupation principal est li\u00e9 \u00e0 l\u2019eau, les cartes montrent comment les quantit\u00e9s d\u2019eaux disponibles peuvent varier selon les usages et le types d\u2019urbanisation, et comment cette variabilit\u00e9 est diff\u00e9rente ou similaire en surface et en profondeur.<\/p>\n<\/div>\n<\/div>\n\n\n\n<details class=\"wp-block-details alignwide is-layout-flow wp-block-details-is-layout-flow\"><summary><strong>Etat existant &#8211; S0<\/strong><\/summary>\n<p class=\"has-extra-small-font-size\">Nous partons d\u2019une carte S0 visualisant l\u2019\u00e9tat actuel des effets des diff\u00e9rents types d\u2019usages sur la relation surface\/souterrain. Pour cela, nous reprenons la carte de l\u2019observatoire de Ploemeur Guidel (projet TERRA FORMA) qui a \u00e9t\u00e9 \u00e9tablie avec les connaissances scientifiques (nexus capteurs-terrain-mod\u00e8les) et qui montre essentiellement ce qui se passe dans le milieu souterrain&nbsp;: chemins et \u00e2ges de l\u2019eau \u00e0 diff\u00e9rentes profondeurs, r\u00e9actions et \u00e9changes biog\u00e9ochimiques, physique des roches et g\u00e9ologie (fractures, zone de contact), biodiversit\u00e9, temp\u00e9ratures, infiltrations d\u2019eau saline. Ces ph\u00e9nom\u00e8nes sont corr\u00e9l\u00e9s avec les activit\u00e9s de surface&nbsp;: imperm\u00e9abilisation des sols, pompage des nappes, transformation des zones humides et de l\u2019\u00e9tang. La carte se lit du centre vers la p\u00e9riph\u00e9rie (surface\/souterrain) et dans un sens anti-horaire qui correspond au trajet d\u2019amont en aval des ph\u00e9nom\u00e8nes du bassin versant jusqu\u2019\u00e0 l\u2019oc\u00e9an.&nbsp;<\/p>\n\n\n\n<p class=\"has-extra-small-font-size\">En amont (on peut ici consid\u00e9rer qu\u2019il s\u2019agit de Lorient), l\u2019urbanisation \u00e0 croissance rapide n\u00e9cessite un pompage des eaux souterraines qui modifie les sens d\u2019\u00e9coulement des eaux, ram\u00e8ne des eaux profondes et donc plus chaudes en surface et acc\u00e9l\u00e8re les flux, tout en coupant la relation avec la surface (les eaux de pluies ne s\u2019infiltrent pas sur les sols imperm\u00e9abilis\u00e9s et l\u2019eau du milieu souterrain ne pourra pas remonter \u00e0 la surface pour alimenter les rivi\u00e8res et les zones humides). Les zones agricoles laissent s\u2019infiltrer du nitrate, contenu dans l\u2019engrais obtenu \u00e0 partir de la transformation de l\u2019azote qui ne peut pas \u00eatre capt\u00e9 par les plantes, mais qui est d\u00e9vers\u00e9 en trop grande quantit\u00e9 sur des sols qui se lessivent (car sur utilis\u00e9s). Ces apports de nitrate s\u2019infiltrent dans le milieu souterrain par les fractures des roches et sont en partis utilis\u00e9s comme nutriments par la biomasse souterraine &#8211; qui est un objet de recherche en d\u00e9veloppement et qui est difficilement visible en surface si ce n\u2019est sous forme de biofilm dans les puits. Les zones humides re\u00e7oivent les apports d\u2019eaux souterraines de diff\u00e9rents \u00e2ges et composition chimique selon leur dur\u00e9e de r\u00e9sidence dans les roches. La couleur rouille du fer contenu dans les roches est visible dans l\u2019eau qui jaillit des puits art\u00e9siens ou m\u00eame de la rivi\u00e8re, attestant de la pr\u00e9sence de cet \u00e9l\u00e9ment en grande quantit\u00e9. La zone humide est ses prairies est menac\u00e9e par le pompage des eaux souterrains, qui comme on le voit, d\u00e9voient les chemins de l\u2019eau qui alimentent ces zones humides. Dans les sols de la for\u00eat, on peut s\u2019attendre \u00e0 une \u00e9paisseur d\u2019humus plus importante. On peut imaginer que les chemins de l\u2019eau ne sont pas perturb\u00e9s. La zone c\u00f4ti\u00e8re est peu perturb\u00e9e.<\/p>\n<\/details>\n\n\n\n<details class=\"wp-block-details alignwide is-layout-flow wp-block-details-is-layout-flow\"><summary><strong>Transformation S7 \u2013 une zone c\u00f4ti\u00e8re gentrifi\u00e9e<\/strong><\/summary>\n<p class=\"has-extra-small-font-size\">Ce sc\u00e9nario accentue la disparit\u00e9 et la rupture entre l\u2019amont et l\u2019aval du BV, c\u2019est-\u00e0-dire entre des zones c\u00f4ti\u00e8res occup\u00e9es par un urbanisme diffus et une population riche, et les interlands densifi\u00e9e par une urbanisation verticale.<\/p>\n\n\n\n<p class=\"has-extra-small-font-size\">En Amont, le pompage des nappes s\u2019intensifie et dramatise les effets existants. L\u2019agriculture bien que r\u00e9duite, est dop\u00e9e au nitrate, entrainant une hausse des quantit\u00e9s dans le milieu souterrain dont on ne conna\u00eet pas les effets sur la biodiversit\u00e9 (est-ce qu\u2019elle se d\u00e9veloppera avec cette hausse ou bien ne pourra pas absorber&nbsp;? et donc se d\u00e9versera dans les zones humides, rivi\u00e8res et \u00e9tangs en quelques mois&nbsp;?) Les eaux profondes \u00e9tant excessivement pomp\u00e9es, elles ne pourront pas rejaillir en surface, entrainant un manque d\u2019eau et donc l\u2019ass\u00e8chement des zones humides, mais aussi un apport d\u2019eau jeune en surface, donc tr\u00e8s peu charg\u00e9e en min\u00e9raux des roches mais surcharg\u00e9e en nitrate, \u00e9l\u00e9ment chimique import\u00e9. Il est \u00e0 pr\u00e9voir une grande modification des \u00e9cosyst\u00e8mes. Les sols plus secs entrainent un changement des esp\u00e8ces de la for\u00eat. Une nouvelle station de pompage est cr\u00e9\u00e9e dans la zone c\u00f4ti\u00e8re suite \u00e0 son urbanisation. Cette action non seulement d\u00e9vie les flux d\u2019eaux d\u00e9j\u00e0 perturb\u00e9es mais aussi ram\u00e8ne des flux d\u2019eau sal\u00e9e (pr\u00e9sente sous les continents selon un gradient d\u00e9croissant vers les terres) du fait de la proximit\u00e9 avec l\u2019oc\u00e9an. Ceci peut rendre l\u2019eau pomp\u00e9e impropre \u00e0 la consommation et perturber compl\u00e8tement l\u2019\u00e9quilibre eaux claires\/eaux saum\u00e2tres. La hausse de CO2 li\u00e9 aux \u00e9missions des d\u00e9placements (notamment des voitures individuelles en zone c\u00f4ti\u00e8re) entraine une acidification de l\u2019oc\u00e9an qui peut aussi avoir un impact en retour sur les terres.&nbsp;<\/p>\n<\/details>\n\n\n\n<details class=\"wp-block-details alignwide is-layout-flow wp-block-details-is-layout-flow\"><summary>INFO<\/summary>\n<p class=\"has-extra-small-font-size\"><strong>MAITRISE D\u2019OUVRAGE&nbsp;: <\/strong>CNRS, GEOSCIENCES RENNES, OSUR<\/p>\n\n\n\n<p class=\"has-extra-small-font-size\"><strong>\u00c9QUIPE : <\/strong>SOC \/ SHAA<\/p>\n\n\n\n<p class=\"has-extra-small-font-size\"><strong>MISSION&nbsp;: <\/strong>REALISATION DE CARTOGRAPHIES PROSPECTIVES DU TERRITOIRE DU SCORFF<\/p>\n\n\n\n<p class=\"has-extra-small-font-size\"><strong>LOCALISATION&nbsp;:<\/strong> BASSIN VERSANT DU SCORFF<\/p>\n\n\n\n<p class=\"has-extra-small-font-size\"><strong>PROGRAMME&nbsp;: <\/strong>MISE EN ESPACE ET REPR\u00c9SENTATION DE SCENARIO D\u2019EVOLUTION DE L\u2019AMENAGEMENT DU TERRITOIRE<\/p>\n\n\n\n<p class=\"has-extra-small-font-size\"><strong>DATE&nbsp;: <\/strong>2023-2024<\/p>\n<\/details>\n\n\n\n<figure class=\"wp-block-embed alignwide is-type-video is-provider-vimeo wp-block-embed-vimeo wp-embed-aspect-16-9 wp-has-aspect-ratio\"><div class=\"wp-block-embed__wrapper\">\n<iframe loading=\"lazy\" title=\"Prospective Bassin Versant Scorff. SOC. Mission de Geosciences Rennes, CNRS.\" src=\"https:\/\/player.vimeo.com\/video\/983018390?dnt=1&amp;app_id=122963\" width=\"750\" height=\"422\" frameborder=\"0\" allow=\"autoplay; fullscreen; picture-in-picture; clipboard-write; encrypted-media\"><\/iframe>\n<\/div><\/figure>\n\n\n\n<figure class=\"wp-block-gallery alignwide has-nested-images columns-default is-cropped wp-block-gallery-1 is-layout-flex wp-block-gallery-is-layout-flex\">\n<figure class=\"wp-block-image size-full\"><img loading=\"lazy\" decoding=\"async\" width=\"2560\" height=\"1980\" data-id=\"948\" src=\"https:\/\/www.shaa.io\/wp-content\/uploads\/2024\/07\/PLOEMEUR_A1-scaled.jpg\" alt=\"\" class=\"wp-image-948\" srcset=\"https:\/\/www.shaa.io\/wp-content\/uploads\/2024\/07\/PLOEMEUR_A1-scaled.jpg 2560w, https:\/\/www.shaa.io\/wp-content\/uploads\/2024\/07\/PLOEMEUR_A1-300x232.jpg 300w, https:\/\/www.shaa.io\/wp-content\/uploads\/2024\/07\/PLOEMEUR_A1-1024x792.jpg 1024w, https:\/\/www.shaa.io\/wp-content\/uploads\/2024\/07\/PLOEMEUR_A1-768x594.jpg 768w, https:\/\/www.shaa.io\/wp-content\/uploads\/2024\/07\/PLOEMEUR_A1-1536x1188.jpg 1536w, https:\/\/www.shaa.io\/wp-content\/uploads\/2024\/07\/PLOEMEUR_A1-2048x1584.jpg 2048w, https:\/\/www.shaa.io\/wp-content\/uploads\/2024\/07\/PLOEMEUR_A1-1568x1213.jpg 1568w\" sizes=\"auto, (max-width: 2560px) 100vw, 2560px\" \/><\/figure>\n\n\n\n<figure class=\"wp-block-image size-full\"><img loading=\"lazy\" decoding=\"async\" width=\"2560\" height=\"2538\" data-id=\"949\" src=\"https:\/\/www.shaa.io\/wp-content\/uploads\/2024\/07\/Surface_S6-scaled.jpg\" alt=\"\" class=\"wp-image-949\" srcset=\"https:\/\/www.shaa.io\/wp-content\/uploads\/2024\/07\/Surface_S6-scaled.jpg 2560w, https:\/\/www.shaa.io\/wp-content\/uploads\/2024\/07\/Surface_S6-300x297.jpg 300w, https:\/\/www.shaa.io\/wp-content\/uploads\/2024\/07\/Surface_S6-1024x1015.jpg 1024w, https:\/\/www.shaa.io\/wp-content\/uploads\/2024\/07\/Surface_S6-150x150.jpg 150w, https:\/\/www.shaa.io\/wp-content\/uploads\/2024\/07\/Surface_S6-768x761.jpg 768w, https:\/\/www.shaa.io\/wp-content\/uploads\/2024\/07\/Surface_S6-1536x1523.jpg 1536w, https:\/\/www.shaa.io\/wp-content\/uploads\/2024\/07\/Surface_S6-2048x2030.jpg 2048w, https:\/\/www.shaa.io\/wp-content\/uploads\/2024\/07\/Surface_S6-1568x1555.jpg 1568w\" sizes=\"auto, (max-width: 2560px) 100vw, 2560px\" \/><\/figure>\n<\/figure>\n","protected":false},"excerpt":{"rendered":"<p>Scorff, Lorient. G\u00e9osciences Rennes, CNRS R\u00e9alisation de cartes prospectives avec les donn\u00e9es des scientifiques et de scenarios d\u00e9velopp\u00e9s avec des participants habitants, bassin versant du Scorff. Cette mission cartographique li\u00e9e \u00e0 un projet de recherche en sciences de la Terre vise \u00e0&nbsp;montrer les impacts issus de l&rsquo;interf\u00e9rence entre pressions climatiques et anthropiques en fonction de&hellip; <a class=\"more-link\" href=\"https:\/\/www.shaa.io\/index.php\/prospective-bassin-versant\/\">Poursuivre la lecture <span class=\"screen-reader-text\">Prospective Bassin Versant<\/span><\/a><\/p>\n","protected":false},"author":1,"featured_media":0,"parent":0,"menu_order":0,"comment_status":"closed","ping_status":"closed","template":"","meta":{"footnotes":""},"class_list":["post-950","page","type-page","status-publish","hentry","entry"],"_links":{"self":[{"href":"https:\/\/www.shaa.io\/index.php\/wp-json\/wp\/v2\/pages\/950","targetHints":{"allow":["GET"]}}],"collection":[{"href":"https:\/\/www.shaa.io\/index.php\/wp-json\/wp\/v2\/pages"}],"about":[{"href":"https:\/\/www.shaa.io\/index.php\/wp-json\/wp\/v2\/types\/page"}],"author":[{"embeddable":true,"href":"https:\/\/www.shaa.io\/index.php\/wp-json\/wp\/v2\/users\/1"}],"replies":[{"embeddable":true,"href":"https:\/\/www.shaa.io\/index.php\/wp-json\/wp\/v2\/comments?post=950"}],"version-history":[{"count":5,"href":"https:\/\/www.shaa.io\/index.php\/wp-json\/wp\/v2\/pages\/950\/revisions"}],"predecessor-version":[{"id":1419,"href":"https:\/\/www.shaa.io\/index.php\/wp-json\/wp\/v2\/pages\/950\/revisions\/1419"}],"wp:attachment":[{"href":"https:\/\/www.shaa.io\/index.php\/wp-json\/wp\/v2\/media?parent=950"}],"curies":[{"name":"wp","href":"https:\/\/api.w.org\/{rel}","templated":true}]}}