{"id":865,"date":"2024-07-10T19:11:45","date_gmt":"2024-07-10T17:11:45","guid":{"rendered":"http:\/\/www.shaa.io\/?page_id=865"},"modified":"2025-01-30T09:35:37","modified_gmt":"2025-01-30T08:35:37","slug":"autrans-2","status":"publish","type":"page","link":"https:\/\/www.shaa.io\/index.php\/autrans-2\/","title":{"rendered":"Bois Vercors"},"content":{"rendered":"\n<h2 class=\"wp-block-heading alignwide has-large-font-size\">Maison dans le Vercors<\/h2>\n\n\n\n<div class=\"wp-block-columns alignwide is-layout-flex wp-container-core-columns-is-layout-9d6595d7 wp-block-columns-is-layout-flex\">\n<div class=\"wp-block-column is-layout-flow wp-block-column-is-layout-flow\">\n<p class=\"has-extra-small-font-size\">Cette maison familiale s\u2019inscrit dans une vall\u00e9e pr\u00e9alpine du Vercors, marqu\u00e9e par des champs et des prairies dans la basse vall\u00e9e, o\u00f9 se succ\u00e8dent anciens corps de ferme r\u00e9habilit\u00e9es, regroup\u00e9es en hameaux et \u00e9levages bovins dispers\u00e9s dans la vall\u00e9e. L\u2019eau, le ruisseau Achard, serpente dans la vall\u00e9e et affleure sur la parcelle. La maison s\u2019implante et s\u2019ajuste dans le sens nord-sud de la vall\u00e9e. Cette implantation permet de ne pas obstruer les vues surplombantes dont b\u00e9n\u00e9ficient les b\u00e2tisses existantes.Chaque \u00e9l\u00e9ment architectural apporte une r\u00e9ponse \u00e0 des contraintes climatiques et g\u00e9ographiques. Ainsi, l\u2019architecture propos\u00e9e est une r\u00e9ponse bioclimatique au caract\u00e8re rude du climat et du relief. L\u2019orientation des pi\u00e8ces de vie et d\u2019une terrasse ext\u00e9rieure vers le sud-Ouest qualifie le cadre de vie des occupants par l\u2019apport d\u2019une lumi\u00e8re naturelle quasi-continue et offre une vue panoramique sur le fond de la vall\u00e9e, ainsi que sur l\u2019autre versant. Les propri\u00e9t\u00e9s thermiques des mat\u00e9riaux sont vectrices d\u2019une bonne ma\u00eetrise \u00e9nerg\u00e9tique, particuli\u00e8rement n\u00e9cessaires lorsque la temp\u00e9rature avoisine -15\u00b0C.&nbsp;<\/p>\n<\/div>\n<\/div>\n\n\n\n<details class=\"wp-block-details alignwide is-layout-flow wp-block-details-is-layout-flow\"><summary>INFO<\/summary>\n<p class=\"has-extra-small-font-size\"><strong>MAITRISE D\u2019OUVRAGE\u00a0:\u00a0<\/strong>PRIV\u00c9 <\/p>\n\n\n\n<p class=\"has-extra-small-font-size\"><strong>\u00c9QUIPE ETUDE ET CHANTIER\u00a0:\u00a0<\/strong>SHAA (MANDATAIRES)ESBA (BE STRUCTURE), ECON\u2019EAU LOGIS (THERMIQUE),\u00a0EQUATERRE (GEOTECHNIQUE),<\/p>\n\n\n\n<p class=\"has-extra-small-font-size\"><strong>MISSION&nbsp;:&nbsp;<\/strong>MISSION COMPLETE + EXPERTISE BIO-SOURC\u00c9E<\/p>\n\n\n\n<p class=\"has-extra-small-font-size\"><strong>LOCALISATION&nbsp;:&nbsp;<\/strong>AUTRANS (38, IS\u00c8RE)<\/p>\n\n\n\n<p class=\"has-extra-small-font-size\"><strong>PROGRAMME&nbsp;:&nbsp;<\/strong>CONSTRUCTION D\u2019UNE MAISON FAMILLIALE EN UTILISANT DU BOIS DE VERCORS NON TRANSFORM\u00c9<\/p>\n\n\n\n<p class=\"has-extra-small-font-size\"><strong>SURFACE&nbsp;:&nbsp;<\/strong>170M<sup>2<\/sup><\/p>\n\n\n\n<p class=\"has-extra-small-font-size\"><strong>BUDGET&nbsp;:&nbsp;<\/strong>420 K\u20acHT<\/p>\n\n\n\n<p class=\"has-extra-small-font-size\"><strong>DATE :\u00a0<\/strong>2022-2025, CHANTIER EN COURS<\/p>\n<\/details>\n\n\n\n<figure class=\"wp-block-image alignwide size-full\"><img loading=\"lazy\" decoding=\"async\" width=\"2560\" height=\"1564\" src=\"https:\/\/www.shaa.io\/wp-content\/uploads\/2024\/07\/Pers-01-applatie-copie-scaled.jpg\" alt=\"\" class=\"wp-image-863\" srcset=\"https:\/\/www.shaa.io\/wp-content\/uploads\/2024\/07\/Pers-01-applatie-copie-scaled.jpg 2560w, https:\/\/www.shaa.io\/wp-content\/uploads\/2024\/07\/Pers-01-applatie-copie-300x183.jpg 300w, https:\/\/www.shaa.io\/wp-content\/uploads\/2024\/07\/Pers-01-applatie-copie-1024x626.jpg 1024w, https:\/\/www.shaa.io\/wp-content\/uploads\/2024\/07\/Pers-01-applatie-copie-768x469.jpg 768w, https:\/\/www.shaa.io\/wp-content\/uploads\/2024\/07\/Pers-01-applatie-copie-1536x938.jpg 1536w, https:\/\/www.shaa.io\/wp-content\/uploads\/2024\/07\/Pers-01-applatie-copie-2048x1251.jpg 2048w, https:\/\/www.shaa.io\/wp-content\/uploads\/2024\/07\/Pers-01-applatie-copie-1568x958.jpg 1568w\" sizes=\"auto, (max-width: 2560px) 100vw, 2560px\" \/><\/figure>\n\n\n\n<figure class=\"wp-block-gallery alignwide has-nested-images columns-default is-cropped wp-block-gallery-1 is-layout-flex wp-block-gallery-is-layout-flex\">\n<figure class=\"wp-block-image size-full\"><img loading=\"lazy\" decoding=\"async\" width=\"2560\" height=\"1810\" data-id=\"864\" src=\"https:\/\/www.shaa.io\/wp-content\/uploads\/2024\/07\/pers-03-applatie-copie-scaled.jpg\" alt=\"\" class=\"wp-image-864\" srcset=\"https:\/\/www.shaa.io\/wp-content\/uploads\/2024\/07\/pers-03-applatie-copie-scaled.jpg 2560w, https:\/\/www.shaa.io\/wp-content\/uploads\/2024\/07\/pers-03-applatie-copie-300x212.jpg 300w, https:\/\/www.shaa.io\/wp-content\/uploads\/2024\/07\/pers-03-applatie-copie-1024x724.jpg 1024w, https:\/\/www.shaa.io\/wp-content\/uploads\/2024\/07\/pers-03-applatie-copie-768x543.jpg 768w, https:\/\/www.shaa.io\/wp-content\/uploads\/2024\/07\/pers-03-applatie-copie-1536x1086.jpg 1536w, https:\/\/www.shaa.io\/wp-content\/uploads\/2024\/07\/pers-03-applatie-copie-2048x1448.jpg 2048w, https:\/\/www.shaa.io\/wp-content\/uploads\/2024\/07\/pers-03-applatie-copie-1568x1109.jpg 1568w\" sizes=\"auto, (max-width: 2560px) 100vw, 2560px\" \/><\/figure>\n\n\n\n<figure class=\"wp-block-image size-full\"><img loading=\"lazy\" decoding=\"async\" width=\"2560\" height=\"2560\" data-id=\"862\" src=\"https:\/\/www.shaa.io\/wp-content\/uploads\/2024\/07\/IMG_9367-scaled.jpeg\" alt=\"\" class=\"wp-image-862\" srcset=\"https:\/\/www.shaa.io\/wp-content\/uploads\/2024\/07\/IMG_9367-scaled.jpeg 2560w, https:\/\/www.shaa.io\/wp-content\/uploads\/2024\/07\/IMG_9367-300x300.jpeg 300w, https:\/\/www.shaa.io\/wp-content\/uploads\/2024\/07\/IMG_9367-1024x1024.jpeg 1024w, https:\/\/www.shaa.io\/wp-content\/uploads\/2024\/07\/IMG_9367-150x150.jpeg 150w, https:\/\/www.shaa.io\/wp-content\/uploads\/2024\/07\/IMG_9367-768x768.jpeg 768w, https:\/\/www.shaa.io\/wp-content\/uploads\/2024\/07\/IMG_9367-1536x1536.jpeg 1536w, https:\/\/www.shaa.io\/wp-content\/uploads\/2024\/07\/IMG_9367-2048x2048.jpeg 2048w, https:\/\/www.shaa.io\/wp-content\/uploads\/2024\/07\/IMG_9367-1568x1568.jpeg 1568w\" sizes=\"auto, (max-width: 2560px) 100vw, 2560px\" \/><\/figure>\n<\/figure>\n","protected":false},"excerpt":{"rendered":"<p>Maison dans le Vercors Cette maison familiale s\u2019inscrit dans une vall\u00e9e pr\u00e9alpine du Vercors, marqu\u00e9e par des champs et des prairies dans la basse vall\u00e9e, o\u00f9 se succ\u00e8dent anciens corps de ferme r\u00e9habilit\u00e9es, regroup\u00e9es en hameaux et \u00e9levages bovins dispers\u00e9s dans la vall\u00e9e. L\u2019eau, le ruisseau Achard, serpente dans la vall\u00e9e et affleure sur la&hellip; <a class=\"more-link\" href=\"https:\/\/www.shaa.io\/index.php\/autrans-2\/\">Poursuivre la lecture <span class=\"screen-reader-text\">Bois Vercors<\/span><\/a><\/p>\n","protected":false},"author":1,"featured_media":0,"parent":0,"menu_order":0,"comment_status":"closed","ping_status":"closed","template":"","meta":{"footnotes":""},"class_list":["post-865","page","type-page","status-publish","hentry","entry"],"_links":{"self":[{"href":"https:\/\/www.shaa.io\/index.php\/wp-json\/wp\/v2\/pages\/865","targetHints":{"allow":["GET"]}}],"collection":[{"href":"https:\/\/www.shaa.io\/index.php\/wp-json\/wp\/v2\/pages"}],"about":[{"href":"https:\/\/www.shaa.io\/index.php\/wp-json\/wp\/v2\/types\/page"}],"author":[{"embeddable":true,"href":"https:\/\/www.shaa.io\/index.php\/wp-json\/wp\/v2\/users\/1"}],"replies":[{"embeddable":true,"href":"https:\/\/www.shaa.io\/index.php\/wp-json\/wp\/v2\/comments?post=865"}],"version-history":[{"count":5,"href":"https:\/\/www.shaa.io\/index.php\/wp-json\/wp\/v2\/pages\/865\/revisions"}],"predecessor-version":[{"id":1389,"href":"https:\/\/www.shaa.io\/index.php\/wp-json\/wp\/v2\/pages\/865\/revisions\/1389"}],"wp:attachment":[{"href":"https:\/\/www.shaa.io\/index.php\/wp-json\/wp\/v2\/media?parent=865"}],"curies":[{"name":"wp","href":"https:\/\/api.w.org\/{rel}","templated":true}]}}