{"id":663,"date":"2024-07-10T17:38:18","date_gmt":"2024-07-10T15:38:18","guid":{"rendered":"http:\/\/www.shaa.io\/?page_id=663"},"modified":"2024-07-10T19:07:16","modified_gmt":"2024-07-10T17:07:16","slug":"resources-et-gisements-alternatifs","status":"publish","type":"page","link":"https:\/\/www.shaa.io\/index.php\/resources-et-gisements-alternatifs\/","title":{"rendered":"(Re)sources et gisements alternatifs"},"content":{"rendered":"\n<h2 class=\"wp-block-heading\">Atelier Luma (Arles) Projet SOC<\/h2>\n\n\n\n<div class=\"wp-block-columns alignwide is-layout-flex wp-container-core-columns-is-layout-9d6595d7 wp-block-columns-is-layout-flex\">\n<div class=\"wp-block-column is-layout-flow wp-block-column-is-layout-flow\">\n<p class=\"has-extra-small-font-size\">Projet de recherche-cr\u00e9ation pour la mise en place de cartographies collaboratives des projets de l\u2019Atelier Luma (cartographier les savoir-faire locaux, la bior\u00e9gion, les gisements, les ressources)&nbsp;:&nbsp;une carte \u00ab&nbsp;ressources&nbsp;\u00bb pour visualiser leurs domaines d\u2019investigation. R\u00e9flexion autour d\u2019une m\u00e9thode pour \u00e9laborer conjointement cette carte-outil, guide \u00e0 diff\u00e9rentes \u00e9tapes, dans le champ exploratoire qu\u2019ouvre chacun des projets (investigation, aide \u00e0 la d\u00e9cision, sc\u00e9narisation, prospective etc.)<\/p>\n<\/div>\n<\/div>\n\n\n\n<blockquote class=\"wp-block-quote is-layout-flow wp-block-quote-is-layout-flow\">\n<p><em>Tenter de d\u00e9crire tous les param\u00e8tres qui fabrique cette exp\u00e9rience pour ne pas invisibiliser des choix, et pour rendre intelligible des lignes d\u2019actions<\/em><\/p>\n<cite>Atelier Luma<\/cite><\/blockquote>\n\n\n\n<details class=\"wp-block-details alignwide is-layout-flow wp-block-details-is-layout-flow\"><summary>D\u00e9tail<\/summary>\n<p class=\"has-extra-small-font-size\">Quelques fois les pr\u00e9cieuses sources r\u00e9colt\u00e9es au cours du projet, peuvent disparaitre dans l\u2019espace-temps et la m\u00e9moire du projet : un parc-machine obsol\u00e8te en attente, une personne-ressource avec laquelle il faut durablement garder un contact actif, l\u2019\u00e9mergence d\u2019une technologie qui rend obsol\u00e8te \u00e0 un instant T une piste pourtant enthousiasmante. Certaines trajectoires construites par opportunit\u00e9 (de rencontre, de commande, de disponibilit\u00e9 d\u2019un mat\u00e9riau, etc.) ne permettent pas toujours une lisibilit\u00e9 du r\u00e9seau activ\u00e9. Il y a donc bien l\u00e0 un enjeu de description de chacune de ces \u00ab&nbsp;fili\u00e8res&nbsp;\u00bb naissantes&nbsp;: parce que la d\u00e9marche m\u00eame de travail de l\u2019Atelier pose des questions \u00e9thiques que les designers ne souhaitent pas \u00e9vacuer mais au contraire int\u00e9grer dans chacune de leur exp\u00e9rimentation. L\u2019Atelier r\u00e9colte, collecte des mati\u00e8res ou v\u00e9g\u00e9taux, rejets de diff\u00e9rentes industries qui seraient sinon mise en d\u00e9charge, br\u00fbl\u00e9s, en tous les cas inutilis\u00e9s&nbsp;(tiges de tournesol, argile de lavage, ailanthes (plantes invasives), poudre de min\u00e9raux, etc.<\/p>\n\n\n\n<p class=\"has-extra-small-font-size\">Les diff\u00e9rents travaux de l\u2019Atelier ont pour point commun de s\u2019int\u00e9resser \u00e0 ce qui est \u00ab&nbsp;sous-valoris\u00e9&nbsp;\u00bb. La nature m\u00eame de ce qui fait ressource, et gisement est donc questionn\u00e9e. La carte a alors pour objectif de \u00ab&nbsp;r\u00e9v\u00e9ler un r\u00e9seau qui a diff\u00e9rents degr\u00e9s d\u2019activation&nbsp;\u00bb \u00e0 travers la recherche des sources&nbsp;; et \u00ab&nbsp;r\u00e9v\u00e9ler ce qui est invisible notamment les connexions&nbsp;\u00bb \u00e0 travers les liens de tissage. Le choix de l\u2019outil cartographique&nbsp;permet de questionner la probl\u00e9matique de la ressource et de visualiser les pr\u00e9misses de fili\u00e8res alternatives \u00e0 partir des gisements d\u00e9couverts par l\u2019Atelier. La mission cartographique a donc deux enjeux :&nbsp;<\/p>\n\n\n\n<p class=\"has-extra-small-font-size\">&#8211; faire un diagnostic par fili\u00e8re des sources r\u00e9v\u00e9l\u00e9es et de la constellation qu\u2019elles dessinent.<\/p>\n\n\n\n<p class=\"has-extra-small-font-size\">&#8211; d\u00e9velopper un outil cartographique pour l\u2019enqu\u00eate, pour la m\u00e9moire des projets mais aussi et enfin d\u2019aide \u00e0 la d\u00e9cision (par exemple, lancer des r\u00e9flexions ou \u00e9tudes compl\u00e9mentaires (ex paysage socio historique d\u2019une plante utilis\u00e9e), ou contacter des personnes ressources \u00e0 la fois th\u00e9orique et scientifique, etc).&nbsp;<\/p>\n<\/details>\n\n\n\n<details class=\"wp-block-details alignwide is-layout-flow wp-block-details-is-layout-flow\"><summary>INFO<\/summary>\n<p class=\"has-extra-small-font-size\"><strong>MAITRISE D\u2019OUVRAGE&nbsp;:&nbsp;<\/strong>ATELIER LUMA<\/p>\n\n\n\n<p class=\"has-extra-small-font-size\"><strong>EQUIPE<\/strong>&nbsp;: SHAA\/SOC (AVEC AXELLE GR\u00c9GOIRE)<\/p>\n\n\n\n<p class=\"has-extra-small-font-size\"><strong>MISSION&nbsp;:&nbsp;<\/strong>CR\u00c9ATION D\u2019OUTILS CARTOGRAPHIQUES<\/p>\n\n\n\n<p class=\"has-extra-small-font-size\"><strong>LOCALISATION&nbsp;:&nbsp;<\/strong>ARLES, R\u00c9GION CARMAGAISE ET M\u00c9DIT\u00c9RRANN\u00c9E&nbsp;<\/p>\n\n\n\n<p class=\"has-extra-small-font-size\"><strong>PROGRAMME&nbsp;:&nbsp;<\/strong>CARTES RESSOURCES D\u2019UNE BIOR\u00c9GION AU FILI\u00c8RES ET PRATIQUES ALTERNATIVES POUR DES PROJETS DE DESIGN<\/p>\n\n\n\n<p class=\"has-extra-small-font-size\"><strong>BUDGET&nbsp;<\/strong>: 12 000\u20acHT<\/p>\n\n\n\n<p class=\"has-extra-small-font-size\"><strong>DATE&nbsp;:&nbsp;<\/strong>2022-2023<\/p>\n<\/details>\n\n\n\n<figure class=\"wp-block-image alignwide size-full\"><img loading=\"lazy\" decoding=\"async\" width=\"2560\" height=\"1810\" src=\"https:\/\/www.shaa.io\/wp-content\/uploads\/2024\/07\/AtelierLuma_Atlas-CartesMemoire_Argile-scaled.jpg\" alt=\"\" class=\"wp-image-658\" srcset=\"https:\/\/www.shaa.io\/wp-content\/uploads\/2024\/07\/AtelierLuma_Atlas-CartesMemoire_Argile-scaled.jpg 2560w, https:\/\/www.shaa.io\/wp-content\/uploads\/2024\/07\/AtelierLuma_Atlas-CartesMemoire_Argile-300x212.jpg 300w, https:\/\/www.shaa.io\/wp-content\/uploads\/2024\/07\/AtelierLuma_Atlas-CartesMemoire_Argile-1024x724.jpg 1024w, https:\/\/www.shaa.io\/wp-content\/uploads\/2024\/07\/AtelierLuma_Atlas-CartesMemoire_Argile-768x543.jpg 768w, https:\/\/www.shaa.io\/wp-content\/uploads\/2024\/07\/AtelierLuma_Atlas-CartesMemoire_Argile-1536x1086.jpg 1536w, https:\/\/www.shaa.io\/wp-content\/uploads\/2024\/07\/AtelierLuma_Atlas-CartesMemoire_Argile-2048x1448.jpg 2048w, https:\/\/www.shaa.io\/wp-content\/uploads\/2024\/07\/AtelierLuma_Atlas-CartesMemoire_Argile-1568x1109.jpg 1568w\" sizes=\"auto, (max-width: 2560px) 100vw, 2560px\" \/><\/figure>\n\n\n\n<figure class=\"wp-block-gallery alignwide has-nested-images columns-4 is-cropped wp-block-gallery-1 is-layout-flex wp-block-gallery-is-layout-flex\">\n<figure class=\"wp-block-image size-full\"><a href=\"https:\/\/www.shaa.io\/wp-content\/uploads\/2024\/07\/videoCaroline.jpg\"><img loading=\"lazy\" decoding=\"async\" width=\"750\" height=\"421\" data-id=\"661\" src=\"https:\/\/www.shaa.io\/wp-content\/uploads\/2024\/07\/videoCaroline.jpg\" alt=\"\" class=\"wp-image-661\" srcset=\"https:\/\/www.shaa.io\/wp-content\/uploads\/2024\/07\/videoCaroline.jpg 750w, https:\/\/www.shaa.io\/wp-content\/uploads\/2024\/07\/videoCaroline-300x168.jpg 300w\" sizes=\"auto, (max-width: 750px) 100vw, 750px\" \/><\/a><\/figure>\n\n\n\n<figure class=\"wp-block-image size-full\"><a href=\"https:\/\/www.shaa.io\/wp-content\/uploads\/2024\/07\/videoClara.jpg\"><img loading=\"lazy\" decoding=\"async\" width=\"2014\" height=\"1138\" data-id=\"662\" src=\"https:\/\/www.shaa.io\/wp-content\/uploads\/2024\/07\/videoClara.jpg\" alt=\"\" class=\"wp-image-662\" srcset=\"https:\/\/www.shaa.io\/wp-content\/uploads\/2024\/07\/videoClara.jpg 2014w, https:\/\/www.shaa.io\/wp-content\/uploads\/2024\/07\/videoClara-300x170.jpg 300w, https:\/\/www.shaa.io\/wp-content\/uploads\/2024\/07\/videoClara-1024x579.jpg 1024w, https:\/\/www.shaa.io\/wp-content\/uploads\/2024\/07\/videoClara-768x434.jpg 768w, https:\/\/www.shaa.io\/wp-content\/uploads\/2024\/07\/videoClara-1536x868.jpg 1536w, https:\/\/www.shaa.io\/wp-content\/uploads\/2024\/07\/videoClara-1568x886.jpg 1568w\" sizes=\"auto, (max-width: 2014px) 100vw, 2014px\" \/><\/a><figcaption class=\"wp-element-caption\">Screenshot<\/figcaption><\/figure>\n\n\n\n<figure class=\"wp-block-image size-full\"><a href=\"https:\/\/www.shaa.io\/wp-content\/uploads\/2024\/07\/TFLUMA_slide-cartes-type-scaled.jpg\"><img loading=\"lazy\" decoding=\"async\" width=\"2560\" height=\"1810\" data-id=\"660\" src=\"https:\/\/www.shaa.io\/wp-content\/uploads\/2024\/07\/TFLUMA_slide-cartes-type-scaled.jpg\" alt=\"\" class=\"wp-image-660\" srcset=\"https:\/\/www.shaa.io\/wp-content\/uploads\/2024\/07\/TFLUMA_slide-cartes-type-scaled.jpg 2560w, https:\/\/www.shaa.io\/wp-content\/uploads\/2024\/07\/TFLUMA_slide-cartes-type-300x212.jpg 300w, https:\/\/www.shaa.io\/wp-content\/uploads\/2024\/07\/TFLUMA_slide-cartes-type-1024x724.jpg 1024w, https:\/\/www.shaa.io\/wp-content\/uploads\/2024\/07\/TFLUMA_slide-cartes-type-768x543.jpg 768w, https:\/\/www.shaa.io\/wp-content\/uploads\/2024\/07\/TFLUMA_slide-cartes-type-1536x1086.jpg 1536w, https:\/\/www.shaa.io\/wp-content\/uploads\/2024\/07\/TFLUMA_slide-cartes-type-2048x1448.jpg 2048w, https:\/\/www.shaa.io\/wp-content\/uploads\/2024\/07\/TFLUMA_slide-cartes-type-1568x1109.jpg 1568w\" sizes=\"auto, (max-width: 2560px) 100vw, 2560px\" \/><\/a><\/figure>\n\n\n\n<figure class=\"wp-block-image size-full\"><a href=\"https:\/\/www.shaa.io\/wp-content\/uploads\/2024\/07\/AtelierLuma_Atlas-CartesMemoire_Invasives-scaled.jpg\"><img loading=\"lazy\" decoding=\"async\" width=\"2560\" height=\"1810\" data-id=\"659\" src=\"https:\/\/www.shaa.io\/wp-content\/uploads\/2024\/07\/AtelierLuma_Atlas-CartesMemoire_Invasives-scaled.jpg\" alt=\"\" class=\"wp-image-659\" srcset=\"https:\/\/www.shaa.io\/wp-content\/uploads\/2024\/07\/AtelierLuma_Atlas-CartesMemoire_Invasives-scaled.jpg 2560w, https:\/\/www.shaa.io\/wp-content\/uploads\/2024\/07\/AtelierLuma_Atlas-CartesMemoire_Invasives-300x212.jpg 300w, https:\/\/www.shaa.io\/wp-content\/uploads\/2024\/07\/AtelierLuma_Atlas-CartesMemoire_Invasives-1024x724.jpg 1024w, https:\/\/www.shaa.io\/wp-content\/uploads\/2024\/07\/AtelierLuma_Atlas-CartesMemoire_Invasives-768x543.jpg 768w, https:\/\/www.shaa.io\/wp-content\/uploads\/2024\/07\/AtelierLuma_Atlas-CartesMemoire_Invasives-1536x1086.jpg 1536w, https:\/\/www.shaa.io\/wp-content\/uploads\/2024\/07\/AtelierLuma_Atlas-CartesMemoire_Invasives-2048x1448.jpg 2048w, https:\/\/www.shaa.io\/wp-content\/uploads\/2024\/07\/AtelierLuma_Atlas-CartesMemoire_Invasives-1568x1109.jpg 1568w\" sizes=\"auto, (max-width: 2560px) 100vw, 2560px\" \/><\/a><\/figure>\n\n\n\n<figure class=\"wp-block-image size-full\"><a href=\"https:\/\/www.shaa.io\/wp-content\/uploads\/2024\/07\/221104-ATELIERLUMA-CARTOGRAPHIE-ADRIANDEWEERDT-36.jpg\"><img loading=\"lazy\" decoding=\"async\" width=\"1280\" height=\"1920\" data-id=\"657\" src=\"https:\/\/www.shaa.io\/wp-content\/uploads\/2024\/07\/221104-ATELIERLUMA-CARTOGRAPHIE-ADRIANDEWEERDT-36.jpg\" alt=\"\" class=\"wp-image-657\" srcset=\"https:\/\/www.shaa.io\/wp-content\/uploads\/2024\/07\/221104-ATELIERLUMA-CARTOGRAPHIE-ADRIANDEWEERDT-36.jpg 1280w, https:\/\/www.shaa.io\/wp-content\/uploads\/2024\/07\/221104-ATELIERLUMA-CARTOGRAPHIE-ADRIANDEWEERDT-36-200x300.jpg 200w, https:\/\/www.shaa.io\/wp-content\/uploads\/2024\/07\/221104-ATELIERLUMA-CARTOGRAPHIE-ADRIANDEWEERDT-36-683x1024.jpg 683w, https:\/\/www.shaa.io\/wp-content\/uploads\/2024\/07\/221104-ATELIERLUMA-CARTOGRAPHIE-ADRIANDEWEERDT-36-768x1152.jpg 768w, https:\/\/www.shaa.io\/wp-content\/uploads\/2024\/07\/221104-ATELIERLUMA-CARTOGRAPHIE-ADRIANDEWEERDT-36-1024x1536.jpg 1024w\" sizes=\"auto, (max-width: 1280px) 100vw, 1280px\" \/><\/a><\/figure>\n\n\n\n<figure class=\"wp-block-image size-full\"><a href=\"https:\/\/www.shaa.io\/wp-content\/uploads\/2024\/07\/221104-ATELIERLUMA-CARTOGRAPHIE-ADRIANDEWEERDT-10.jpg\"><img loading=\"lazy\" decoding=\"async\" width=\"1280\" height=\"1920\" data-id=\"656\" src=\"https:\/\/www.shaa.io\/wp-content\/uploads\/2024\/07\/221104-ATELIERLUMA-CARTOGRAPHIE-ADRIANDEWEERDT-10.jpg\" alt=\"\" class=\"wp-image-656\" srcset=\"https:\/\/www.shaa.io\/wp-content\/uploads\/2024\/07\/221104-ATELIERLUMA-CARTOGRAPHIE-ADRIANDEWEERDT-10.jpg 1280w, https:\/\/www.shaa.io\/wp-content\/uploads\/2024\/07\/221104-ATELIERLUMA-CARTOGRAPHIE-ADRIANDEWEERDT-10-200x300.jpg 200w, https:\/\/www.shaa.io\/wp-content\/uploads\/2024\/07\/221104-ATELIERLUMA-CARTOGRAPHIE-ADRIANDEWEERDT-10-683x1024.jpg 683w, https:\/\/www.shaa.io\/wp-content\/uploads\/2024\/07\/221104-ATELIERLUMA-CARTOGRAPHIE-ADRIANDEWEERDT-10-768x1152.jpg 768w, https:\/\/www.shaa.io\/wp-content\/uploads\/2024\/07\/221104-ATELIERLUMA-CARTOGRAPHIE-ADRIANDEWEERDT-10-1024x1536.jpg 1024w\" sizes=\"auto, (max-width: 1280px) 100vw, 1280px\" \/><\/a><\/figure>\n\n\n\n<figure class=\"wp-block-image size-full\"><a href=\"https:\/\/www.shaa.io\/wp-content\/uploads\/2024\/07\/221104-ATELIERLUMA-CARTOGRAPHIE-ADRIANDEWEERDT-03.jpg\"><img loading=\"lazy\" decoding=\"async\" width=\"1920\" height=\"1280\" data-id=\"655\" src=\"https:\/\/www.shaa.io\/wp-content\/uploads\/2024\/07\/221104-ATELIERLUMA-CARTOGRAPHIE-ADRIANDEWEERDT-03.jpg\" alt=\"\" class=\"wp-image-655\" srcset=\"https:\/\/www.shaa.io\/wp-content\/uploads\/2024\/07\/221104-ATELIERLUMA-CARTOGRAPHIE-ADRIANDEWEERDT-03.jpg 1920w, https:\/\/www.shaa.io\/wp-content\/uploads\/2024\/07\/221104-ATELIERLUMA-CARTOGRAPHIE-ADRIANDEWEERDT-03-300x200.jpg 300w, https:\/\/www.shaa.io\/wp-content\/uploads\/2024\/07\/221104-ATELIERLUMA-CARTOGRAPHIE-ADRIANDEWEERDT-03-1024x683.jpg 1024w, https:\/\/www.shaa.io\/wp-content\/uploads\/2024\/07\/221104-ATELIERLUMA-CARTOGRAPHIE-ADRIANDEWEERDT-03-768x512.jpg 768w, https:\/\/www.shaa.io\/wp-content\/uploads\/2024\/07\/221104-ATELIERLUMA-CARTOGRAPHIE-ADRIANDEWEERDT-03-1536x1024.jpg 1536w, https:\/\/www.shaa.io\/wp-content\/uploads\/2024\/07\/221104-ATELIERLUMA-CARTOGRAPHIE-ADRIANDEWEERDT-03-1568x1045.jpg 1568w\" sizes=\"auto, (max-width: 1920px) 100vw, 1920px\" \/><\/a><\/figure>\n<\/figure>\n","protected":false},"excerpt":{"rendered":"<p>Atelier Luma (Arles) Projet SOC Projet de recherche-cr\u00e9ation pour la mise en place de cartographies collaboratives des projets de l\u2019Atelier Luma (cartographier les savoir-faire locaux, la bior\u00e9gion, les gisements, les ressources)&nbsp;:&nbsp;une carte \u00ab&nbsp;ressources&nbsp;\u00bb pour visualiser leurs domaines d\u2019investigation. R\u00e9flexion autour d\u2019une m\u00e9thode pour \u00e9laborer conjointement cette carte-outil, guide \u00e0 diff\u00e9rentes \u00e9tapes, dans le champ exploratoire&hellip; <a class=\"more-link\" href=\"https:\/\/www.shaa.io\/index.php\/resources-et-gisements-alternatifs\/\">Poursuivre la lecture <span class=\"screen-reader-text\">(Re)sources et gisements alternatifs<\/span><\/a><\/p>\n","protected":false},"author":1,"featured_media":0,"parent":0,"menu_order":0,"comment_status":"closed","ping_status":"closed","template":"","meta":{"footnotes":""},"class_list":["post-663","page","type-page","status-publish","hentry","entry"],"_links":{"self":[{"href":"https:\/\/www.shaa.io\/index.php\/wp-json\/wp\/v2\/pages\/663","targetHints":{"allow":["GET"]}}],"collection":[{"href":"https:\/\/www.shaa.io\/index.php\/wp-json\/wp\/v2\/pages"}],"about":[{"href":"https:\/\/www.shaa.io\/index.php\/wp-json\/wp\/v2\/types\/page"}],"author":[{"embeddable":true,"href":"https:\/\/www.shaa.io\/index.php\/wp-json\/wp\/v2\/users\/1"}],"replies":[{"embeddable":true,"href":"https:\/\/www.shaa.io\/index.php\/wp-json\/wp\/v2\/comments?post=663"}],"version-history":[{"count":6,"href":"https:\/\/www.shaa.io\/index.php\/wp-json\/wp\/v2\/pages\/663\/revisions"}],"predecessor-version":[{"id":860,"href":"https:\/\/www.shaa.io\/index.php\/wp-json\/wp\/v2\/pages\/663\/revisions\/860"}],"wp:attachment":[{"href":"https:\/\/www.shaa.io\/index.php\/wp-json\/wp\/v2\/media?parent=663"}],"curies":[{"name":"wp","href":"https:\/\/api.w.org\/{rel}","templated":true}]}}