{"id":1291,"date":"2025-01-14T10:49:11","date_gmt":"2025-01-14T09:49:11","guid":{"rendered":"http:\/\/www.shaa.io\/?page_id=1291"},"modified":"2025-01-14T10:59:44","modified_gmt":"2025-01-14T09:59:44","slug":"workshop-les-marges-de-manoeuvre","status":"publish","type":"page","link":"https:\/\/www.shaa.io\/index.php\/workshop-les-marges-de-manoeuvre\/","title":{"rendered":"Workshop \u00ab\u00a0les marges de manoeuvre\u00a0\u00bb"},"content":{"rendered":"\n<p>Ecole d&rsquo;Architecture de Clermont-Ferrand. <strong>Fonds et formes de l\u2019enseignement des arts et techniques de la repr\u00e9sentation dans les \u00c9coles d\u2019Architecture.&nbsp;<\/strong><\/p>\n\n\n\n<div class=\"wp-block-columns alignwide is-layout-flex wp-container-core-columns-is-layout-9d6595d7 wp-block-columns-is-layout-flex\">\n<div class=\"wp-block-column is-layout-flow wp-block-column-is-layout-flow\">\n<p class=\"has-extra-small-font-size\">L\u2019abaque des pr\u00e9occupations. Un extrait de la proc\u00e9dure \u00ab&nbsp;O\u00f9 Atterrir&nbsp;? \u00e9criture de dol\u00e9ances&nbsp;\u00bb.<\/p>\n\n\n\n<p class=\"has-extra-small-font-size\">Le projet \u00ab&nbsp;O\u00f9 Atterrir&nbsp;? ou les Nouveaux Cahiers de Dol\u00e9ance proposait d\u2019exp\u00e9rimenter une m\u00e9thodologie de description de nos attachements, qu\u2019ils soient li\u00e9s \u00e0 des pratiques ou des territoires, de chacun.e d\u2019entre-nous.&nbsp;L\u2019atelier \u00ab&nbsp;abaque des pr\u00e9occupations&nbsp;\u00bb issu de cette exp\u00e9rimentation et modifi\u00e9 pour \u00eatre adapt\u00e9 \u00e0 la question des \u00ab&nbsp;<em>marges de manoeuvre, ce que peut l&rsquo;enseignement des arts et techniques de la repr\u00e9sentation en temps de crise<\/em>&nbsp;\u00bb&nbsp;vise \u00e0 mettre ensemble et \u00e0 hi\u00e9rarchiser les sujets de chacun.e pour \u00e9ventuellement constituer un collectif de travail qui pourra, dans le temps, \u00e9crire ses dol\u00e9ances et les porter. Par l\u2019activation d\u2019un abaque trac\u00e9 au sol, il s\u2019agira de mesurer les degr\u00e9s de pr\u00e9occupations de chaque personne par les membres du groupe.&nbsp;C\u2019est aussi un dispositif de mise en commun&nbsp;: si je partage mon souci avec le collectif, quelle r\u00e9action de leur part cela va-t-il g\u00e9n\u00e9rer&nbsp;?&nbsp;<\/p>\n<\/div>\n<\/div>\n\n\n\n<figure class=\"wp-block-gallery alignwide has-nested-images columns-4 is-cropped wp-block-gallery-1 is-layout-flex wp-block-gallery-is-layout-flex\">\n<figure class=\"wp-block-image size-full\"><img loading=\"lazy\" decoding=\"async\" width=\"2560\" height=\"2560\" data-id=\"1298\" src=\"https:\/\/www.shaa.io\/wp-content\/uploads\/2025\/01\/IMG_9537-scaled.jpeg\" alt=\"\" class=\"wp-image-1298\" srcset=\"https:\/\/www.shaa.io\/wp-content\/uploads\/2025\/01\/IMG_9537-scaled.jpeg 2560w, https:\/\/www.shaa.io\/wp-content\/uploads\/2025\/01\/IMG_9537-300x300.jpeg 300w, https:\/\/www.shaa.io\/wp-content\/uploads\/2025\/01\/IMG_9537-1024x1024.jpeg 1024w, https:\/\/www.shaa.io\/wp-content\/uploads\/2025\/01\/IMG_9537-150x150.jpeg 150w, https:\/\/www.shaa.io\/wp-content\/uploads\/2025\/01\/IMG_9537-768x768.jpeg 768w, https:\/\/www.shaa.io\/wp-content\/uploads\/2025\/01\/IMG_9537-1536x1536.jpeg 1536w, https:\/\/www.shaa.io\/wp-content\/uploads\/2025\/01\/IMG_9537-2048x2048.jpeg 2048w, https:\/\/www.shaa.io\/wp-content\/uploads\/2025\/01\/IMG_9537-1568x1568.jpeg 1568w\" sizes=\"auto, (max-width: 2560px) 100vw, 2560px\" \/><\/figure>\n\n\n\n<figure class=\"wp-block-image size-full\"><img loading=\"lazy\" decoding=\"async\" width=\"2560\" height=\"2560\" data-id=\"1299\" src=\"https:\/\/www.shaa.io\/wp-content\/uploads\/2025\/01\/IMG_9531-scaled.jpeg\" alt=\"\" class=\"wp-image-1299\" srcset=\"https:\/\/www.shaa.io\/wp-content\/uploads\/2025\/01\/IMG_9531-scaled.jpeg 2560w, https:\/\/www.shaa.io\/wp-content\/uploads\/2025\/01\/IMG_9531-300x300.jpeg 300w, https:\/\/www.shaa.io\/wp-content\/uploads\/2025\/01\/IMG_9531-1024x1024.jpeg 1024w, https:\/\/www.shaa.io\/wp-content\/uploads\/2025\/01\/IMG_9531-150x150.jpeg 150w, https:\/\/www.shaa.io\/wp-content\/uploads\/2025\/01\/IMG_9531-768x768.jpeg 768w, https:\/\/www.shaa.io\/wp-content\/uploads\/2025\/01\/IMG_9531-1536x1536.jpeg 1536w, https:\/\/www.shaa.io\/wp-content\/uploads\/2025\/01\/IMG_9531-2048x2048.jpeg 2048w, https:\/\/www.shaa.io\/wp-content\/uploads\/2025\/01\/IMG_9531-1568x1568.jpeg 1568w\" sizes=\"auto, (max-width: 2560px) 100vw, 2560px\" \/><\/figure>\n\n\n\n<figure class=\"wp-block-image size-full\"><img loading=\"lazy\" decoding=\"async\" width=\"2560\" height=\"2560\" data-id=\"1296\" src=\"https:\/\/www.shaa.io\/wp-content\/uploads\/2025\/01\/IMG_9539-scaled.jpeg\" alt=\"\" class=\"wp-image-1296\" srcset=\"https:\/\/www.shaa.io\/wp-content\/uploads\/2025\/01\/IMG_9539-scaled.jpeg 2560w, https:\/\/www.shaa.io\/wp-content\/uploads\/2025\/01\/IMG_9539-300x300.jpeg 300w, https:\/\/www.shaa.io\/wp-content\/uploads\/2025\/01\/IMG_9539-1024x1024.jpeg 1024w, https:\/\/www.shaa.io\/wp-content\/uploads\/2025\/01\/IMG_9539-150x150.jpeg 150w, https:\/\/www.shaa.io\/wp-content\/uploads\/2025\/01\/IMG_9539-768x768.jpeg 768w, https:\/\/www.shaa.io\/wp-content\/uploads\/2025\/01\/IMG_9539-1536x1536.jpeg 1536w, https:\/\/www.shaa.io\/wp-content\/uploads\/2025\/01\/IMG_9539-2048x2048.jpeg 2048w, https:\/\/www.shaa.io\/wp-content\/uploads\/2025\/01\/IMG_9539-1568x1568.jpeg 1568w\" sizes=\"auto, (max-width: 2560px) 100vw, 2560px\" \/><\/figure>\n\n\n\n<figure class=\"wp-block-image size-full\"><img loading=\"lazy\" decoding=\"async\" width=\"2560\" height=\"2560\" data-id=\"1297\" src=\"https:\/\/www.shaa.io\/wp-content\/uploads\/2025\/01\/IMG_9538-scaled.jpeg\" alt=\"\" class=\"wp-image-1297\" srcset=\"https:\/\/www.shaa.io\/wp-content\/uploads\/2025\/01\/IMG_9538-scaled.jpeg 2560w, https:\/\/www.shaa.io\/wp-content\/uploads\/2025\/01\/IMG_9538-300x300.jpeg 300w, https:\/\/www.shaa.io\/wp-content\/uploads\/2025\/01\/IMG_9538-1024x1024.jpeg 1024w, https:\/\/www.shaa.io\/wp-content\/uploads\/2025\/01\/IMG_9538-150x150.jpeg 150w, https:\/\/www.shaa.io\/wp-content\/uploads\/2025\/01\/IMG_9538-768x768.jpeg 768w, https:\/\/www.shaa.io\/wp-content\/uploads\/2025\/01\/IMG_9538-1536x1536.jpeg 1536w, https:\/\/www.shaa.io\/wp-content\/uploads\/2025\/01\/IMG_9538-2048x2048.jpeg 2048w, https:\/\/www.shaa.io\/wp-content\/uploads\/2025\/01\/IMG_9538-1568x1568.jpeg 1568w\" sizes=\"auto, (max-width: 2560px) 100vw, 2560px\" \/><\/figure>\n<\/figure>\n\n\n\n<figure class=\"wp-block-image alignwide size-full\"><img loading=\"lazy\" decoding=\"async\" width=\"2560\" height=\"1920\" src=\"https:\/\/www.shaa.io\/wp-content\/uploads\/2025\/01\/IMG_9547-scaled.jpeg\" alt=\"\" class=\"wp-image-1295\" srcset=\"https:\/\/www.shaa.io\/wp-content\/uploads\/2025\/01\/IMG_9547-scaled.jpeg 2560w, https:\/\/www.shaa.io\/wp-content\/uploads\/2025\/01\/IMG_9547-300x225.jpeg 300w, https:\/\/www.shaa.io\/wp-content\/uploads\/2025\/01\/IMG_9547-1024x768.jpeg 1024w, https:\/\/www.shaa.io\/wp-content\/uploads\/2025\/01\/IMG_9547-768x576.jpeg 768w, https:\/\/www.shaa.io\/wp-content\/uploads\/2025\/01\/IMG_9547-1536x1152.jpeg 1536w, https:\/\/www.shaa.io\/wp-content\/uploads\/2025\/01\/IMG_9547-2048x1536.jpeg 2048w, https:\/\/www.shaa.io\/wp-content\/uploads\/2025\/01\/IMG_9547-1568x1176.jpeg 1568w\" sizes=\"auto, (max-width: 2560px) 100vw, 2560px\" \/><\/figure>\n","protected":false},"excerpt":{"rendered":"<p>Ecole d&rsquo;Architecture de Clermont-Ferrand. Fonds et formes de l\u2019enseignement des arts et techniques de la repr\u00e9sentation dans les \u00c9coles d\u2019Architecture.&nbsp; L\u2019abaque des pr\u00e9occupations. Un extrait de la proc\u00e9dure \u00ab&nbsp;O\u00f9 Atterrir&nbsp;? \u00e9criture de dol\u00e9ances&nbsp;\u00bb. Le projet \u00ab&nbsp;O\u00f9 Atterrir&nbsp;? ou les Nouveaux Cahiers de Dol\u00e9ance proposait d\u2019exp\u00e9rimenter une m\u00e9thodologie de description de nos attachements, qu\u2019ils soient li\u00e9s&hellip; <a class=\"more-link\" href=\"https:\/\/www.shaa.io\/index.php\/workshop-les-marges-de-manoeuvre\/\">Poursuivre la lecture <span class=\"screen-reader-text\">Workshop \u00ab\u00a0les marges de manoeuvre\u00a0\u00bb<\/span><\/a><\/p>\n","protected":false},"author":1,"featured_media":0,"parent":0,"menu_order":0,"comment_status":"closed","ping_status":"closed","template":"","meta":{"footnotes":""},"class_list":["post-1291","page","type-page","status-publish","hentry","entry"],"_links":{"self":[{"href":"https:\/\/www.shaa.io\/index.php\/wp-json\/wp\/v2\/pages\/1291","targetHints":{"allow":["GET"]}}],"collection":[{"href":"https:\/\/www.shaa.io\/index.php\/wp-json\/wp\/v2\/pages"}],"about":[{"href":"https:\/\/www.shaa.io\/index.php\/wp-json\/wp\/v2\/types\/page"}],"author":[{"embeddable":true,"href":"https:\/\/www.shaa.io\/index.php\/wp-json\/wp\/v2\/users\/1"}],"replies":[{"embeddable":true,"href":"https:\/\/www.shaa.io\/index.php\/wp-json\/wp\/v2\/comments?post=1291"}],"version-history":[{"count":4,"href":"https:\/\/www.shaa.io\/index.php\/wp-json\/wp\/v2\/pages\/1291\/revisions"}],"predecessor-version":[{"id":1301,"href":"https:\/\/www.shaa.io\/index.php\/wp-json\/wp\/v2\/pages\/1291\/revisions\/1301"}],"wp:attachment":[{"href":"https:\/\/www.shaa.io\/index.php\/wp-json\/wp\/v2\/media?parent=1291"}],"curies":[{"name":"wp","href":"https:\/\/api.w.org\/{rel}","templated":true}]}}